s of 2168800368.
2, 3, 7, 131, 7039
What are the prime factors of 3657314652?
2, 3, 17, 31, 34019
What are the prime factors of 3371947839?
3, 13, 1009, 9521
List the prime factors of 72718513.
7, 10388359
What are the prime factors of 478902766?
2, 37, 1987, 3257
List the prime factors of 5269492697.
7, 71, 191, 55511
List the prime factors of 776173878.
2, 3, 43120771
What are the prime factors of 16010607?
3, 1453, 3673
List the prime factors of 616186991.
7, 41, 2146993
List the prime factors of 12221740.
2, 5, 23, 163
What are the prime factors of 931468862?
2, 17, 563, 48661
What are the prime factors of 540987351?
3, 1031, 174907
List the prime factors of 43335983.
2351, 18433
List the prime factors of 158805830.
2, 5, 487, 32609
What are the prime factors of 140565731?
140565731
What are the prime factors of 1643435666?
2, 19, 2069, 20903
List the prime factors of 55831119.
3, 29, 491, 1307
List the prime factors of 246610065.
3, 5, 13, 1264667
List the prime factors of 162175117.
13, 12475009
What are the prime factors of 1581637606?
2, 71, 11138293
What are the prime factors of 5534120?
2, 5, 31, 4463
List the prime factors of 1162327638.
2, 3, 17, 2423, 4703
List the prime factors of 33798179.
151, 223829
What are the prime factors of 16669135?
5, 7, 23, 20707
List the prime factors of 5326561852.
2, 83, 619, 25919
What are the prime factors of 32633009?
32633009
What are the prime factors of 279867190?
2, 5, 283, 98893
What are the prime factors of 6249427953?
3, 17, 173, 708311
List the prime factors of 2325515262.
2, 3, 7, 197, 281063
List the prime factors of 1161223861.
7, 349, 475327
What are the prime factors of 211182672?
2, 3, 4399639
List the prime factors of 687127409.
687127409
List the prime factors of 2967199833.
3, 13, 97, 784351
List the prime factors of 225846011.
225846011
List the prime factors of 5217599636.
2, 1304399909
What are the prime factors of 33203092?
2, 13, 49117
What are the prime factors of 340305435?
3, 5, 2520781
List the prime factors of 567513984.
2, 3, 1477901
What are the prime factors of 73229442?
2, 3, 11, 13, 7759
What are the prime factors of 42076000?
2, 5, 67, 157
What are the prime factors of 6433441052?
2, 14207, 113209
What are the prime factors of 3295335?
3, 5, 219689
What are the prime factors of 494828328?
2, 3, 1423, 14489
List the prime factors of 3027288.
2, 3, 11, 11467
List the prime factors of 7801077.
3, 19, 136861
List the prime factors of 1398439838.
2, 9337, 74887
List the prime factors of 287471845.
5, 331, 173699
List the prime factors of 21042387.
3, 2338043
List the prime factors of 44251692.
2, 3, 79, 46679
What are the prime factors of 39741179?
19, 47, 191, 233
List the prime factors of 2885700316.
2, 19, 907, 41863
List the prime factors of 151703318.
2, 13, 863, 6761
What are the prime factors of 279585846?
2, 3, 89, 199, 877
List the prime factors of 5818363133.
11, 149, 3549947
List the prime factors of 39049904.
2, 109, 22391
What are the prime factors of 15969969?
3, 149, 11909
List the prime factors of 14585299.
41, 43, 8273
What are the prime factors of 4085596530?
2, 3, 5, 3533, 4283
List the prime factors of 135882713.
3533, 38461
What are the prime factors of 1307124078?
2, 3, 13, 1289077
List the prime factors of 117325624.
2, 13, 199, 5669
List the prime factors of 38110817.
181, 210557
What are the prime factors of 645106287?
3, 7, 30719347
What are the prime factors of 20724097?
20724097
What are the prime factors of 16837194?
2, 3, 11, 337, 757
List the prime factors of 41557566.
2, 3, 6926261
What are the prime factors of 3695993858?
2, 1847996929
List the prime factors of 325802907.
3, 29, 809, 1543
What are the prime factors of 225289256?
2, 757, 37201
What are the prime factors of 17680946?
2, 137, 173, 373
What are the prime factors of 65864064?
2, 3, 7, 107, 229
List the prime factors of 367663326.
2, 3, 23, 2664227
List the prime factors of 32215978.
2, 233, 257, 269
List the prime factors of 7918186.
2, 3959093
What are the prime factors of 2583436371?
3, 861145457
What are the prime factors of 3747559557?
3, 7, 349, 511333
List the prime factors of 87005598.
2, 3, 19, 43, 17749
What are the prime factors of 36586795?
5, 7, 127, 8231
What are the prime factors of 251989319?
251989319
What are the prime factors of 6443046?
2, 3, 29, 12343
List the prime factors of 2720749770.
2, 3, 5, 10076851
What are the prime factors of 376987134?
2, 3, 1613, 38953
List the prime factors of 2147643773.
11, 13337, 14639
List the prime factors of 14384304.
2, 3, 11, 1009
List the prime factors of 74187151.
797, 93083
What are the prime factors of 12000839?
37, 47, 67, 103
What are the prime factors of 161614749?
3, 31, 1737793
What are the prime factors of 2426437189?
11, 83, 283, 9391
What are the prime factors of 133878464?
2, 2091851
List the prime factors of 31489265.
5, 6297853
List the prime factors of 167443509.
3, 55814503
List the prime factors of 1649564644.
2, 7, 13, 41, 107, 1033
List the prime factors of 674025455.
5, 134805091
List the prime factors of 178160162.
2, 23, 31, 101, 1237
What are the prime factors of 7555533?
3, 2518511
List the prime factors of 573576783.
3, 13, 23, 639439
List the prime factors of 17045937.
3, 37, 113, 151
List the prime factors of 2118990630.
2, 3, 5, 70633021
List the prime factors of 196595107.
196595107
What are the prime factors of 324346812?
2, 3, 47, 541, 1063
What are the prime factors of 2984218131?
3, 17, 31, 263, 7177
List the prime factors of 14241437.
7, 2034491
What are the prime factors of 736459599?
3, 97, 131, 19319
What are the prime factors of 1203955539?
3, 19, 23, 317, 2897
What are the prime factors of 48816454?
2, 29, 841663
List the prime factors of 4719982060.
2, 5, 157, 659, 2281
What are the prime factors of 479386536?
2, 3, 17, 79, 107, 139
What are the prime factors of 426245154?
2, 3, 23, 43, 109, 659
What are the prime factors of 71628820?
2, 5, 17, 191, 1103
What are the prime factors of 50420296?
2, 521, 12097
List the prime factors of 3639709273.
67, 859, 63241
What are the prime factors of 10437069?
3, 223, 15601
What are the prime factors of 322249491?
3, 2459, 14561
What are the prime factors of 39364338?
2, 3, 13, 504671
List the prime factors of 4192402855.
5, 23, 179, 203663
What are the prime factors of 1033367171?
2273, 454627
What are the prime factors of 72486007?
11, 19, 73, 4751
What are the prime factors of 690030160?
2, 5, 107, 80611
What are the prime factors of 887305158?
2, 3, 3539, 4643
What are the prime factors of 45964460?
2, 5, 2298223
What are the prime factors of 1315442360?
2, 5, 41, 179, 4481
What are the prime factors of 757798239?
3, 11, 17, 1350799
List the prime factors of 2230206952.
2, 29, 9612961
What are the prime factors of 46837592?
2, 5854699
What are the prime factors of 105150688?
2, 3285959
List the prime factors of 127234208.
2, 59, 67391
List the prime factors of 1227523317.
3, 23, 131, 139, 977
What are the prime factors of 274980163?
3049, 90187
What are the prime factors of 891345441?
3, 7, 42445021
List the prime factors of 122860781.
31, 67, 149, 397
List the prime factors of 69407214.
2, 3, 137, 84437
List the prime factors of 25570141.
29, 881729
What are the prime factors of 3157169561?
7, 13, 19, 53, 131, 263
What are the prime factors of 250905230?
2, 5, 1051, 23873
List the prime factors of 18346440.
2, 3, 5, 7, 21841
What are the prime factors of 3083830961?
23, 409, 327823
List the prime factors of 3414727898.
2, 31663, 53923
List the prime factors of 524924211.
3, 7, 113, 31601
What are the prime factors of 7403288811?
3, 2467762937
List the prime factors of 4265635485.
3, 5, 853, 333383
What are the prime factors of 97952832?
2, 3, 170057
What are the prime factors of 7436608346?
2, 367, 10131619
List the prime factors of 127318630.
2, 5, 12731863
What are the prime factors of 3937882786?
2, 89, 22122937
List the prime factors of 70713663.
3, 433, 54437
List the prime factors of 634699795.
5, 277, 487, 941
What are the prime factors of 659711562?
2, 3, 4937, 22271
List the prime factors of 552171707.
761, 725587
List the prime factors of 998746515.
3, 5, 13, 17, 29, 3463
List the prime factors of 89261915.
5, 2657, 671